 j be h(-7). Let l = 9 + j. Suppose y + l*p + 3 = 5*p, 0 = -5*y + p + 3. Calculate the remainder when 1 is divided by y.
0
What is the remainder when 1*(1 + -2 + 50) is divided by 25?
24
Let o(g) = -g + 7. Let a be o(0). Let w(j) = 4*j - 3. Let u be w(6). Suppose -a = r - u. What is the remainder when 27 is divided by r?
13
Suppose -5*s + 4*f + 0*f = 49, 3*s + 3*f = -24. Let c = s - -21. Calculate the remainder when 59 is divided by c.
11
Suppose c = 12 + 11. What is the remainder when 67 is divided by c?
21
Suppose 3*j + 4*f - 122 = 0, -2*j + 5*f - 2*f = -53. Calculate the remainder when 99 is divided by j.
31
Suppose 5*p - 6 + 1 = -5*c, -2*c = -3*p + 13. What is the remainder when 5 is divided by p?
2
Let o(p) = p**2 + 4*p - 15. Let w(k) = -k - 1. Let b(d) = -o(d) + 5*w(d). Let t be b(-10). Suppose t = n + 1 - 14. What is the remainder when n is divided by 5?
3
Let c = -46 - -91. What is the remainder when c is divided by 16?
13
Let c = 5 - -24. Calculate the remainder when 85 is divided by c.
27
Suppose 1 = c - 2. Suppose -c*d + 52 = 16. Suppose 2*s = -3*r + d, 5*r - 2*s = 20 - 0. What is the remainder when 15 is divided by r?
3
Let n(i) = -5*i - 3*i + 5*i + 2*i. Calculate the remainder when 2 is divided by n(-1).
0
Let f = 19 - 13. Let j = -28 - -50. What is the remainder when j is divided by f?
4
Let i(t) = 62*t**3 + t**2 - 2*t + 1. Calculate the remainder when i(1) is divided by 16.
14
Suppose s - 3*s + 33 = -h, 4*h + 72 = 4*s. Calculate the remainder when 58 is divided by s.
13
Let q = -75 - -162. What is the remainder when q is divided by 23?
18
Suppose -5*u + 0*z - 393 = -z, z + 153 = -2*u. Let a = u - -116. Calculate the remainder when a is divided by 10.
8
Let y = -22 + 25. Let s(q) be the second derivative of q**3/2 - q**2/2 - q. What is the remainder when 23 is divided by s(y)?
7
Let h = 223 - 143. What is the remainder when h is divided by 41?
39
Let b be 4/(1*(3 - 1)). Suppose 36 = b*k + k. Calculate the remainder when k is divided by 5.
2
Suppose 1 = -5*m + 4*p - 0, 0 = -5*m - p + 19. Suppose 5*l - 23 = -m*k, 4*k - 3*l = -5*l + 26. Let y = 0 + k. What is the remainder when 10 is divided by y?
4
Suppose -3 = -g + 6. What is the remainder when 16 is divided by g?
7
Let r(i) = 25*i**3 + 0 + 5 - 5 + i**2. Calculate the remainder when r(1) is divided by 9.
8
Calculate the remainder when (-1)/((-1332)/332 + 4) is divided by 29.
25
Suppose 4*g - 19 - 1 = 0. Calculate the remainder when 18 is divided by g.
3
Suppose 30 = 3*k - 5*k. Let g = -1 - k. Suppose 10 = 2*b + 5*u, 3*b + 2*u - 25 = -2*b. What is the remainder when g is divided by b?
4
Suppose 0 = 2*u - 4*u - 4*p + 376, 0 = -2*u + 4*p + 344. Suppose u = -4*a - 0*a. What is the remainder when 18 is divided by a/12*24/(-9)?
8
Suppose 3*j = 2 + 4. Let b be (-1)/(j/(-2)) - -2. Calculate the remainder when 16 is divided by (b*-1)/(5/(-10)).
4
Let l = 75 - 63. Calculate the remainder when l is divided by 3.
0
Let i(d) = -12*d**2 + 1. Let o be i(1). Let u = -2 - o. What is the remainder when 25 is divided by u?
7
Calculate the remainder when 59 is divided by -5*(-2)/(-5)*42/(-4).
17
Suppose 4*g = g + 36. Let m = -3 + 2. Calculate the remainder when (-3)/(-3) + m + 35 is divided by g.
11
Suppose 3*u - g - 3*g - 142 = 0, 3*u - 141 = 3*g. Suppose -4*l + 120 = l. What is the remainder when u is divided by l?
22
Suppose -2*k - 2*m = 3*m - 238, -5*k = -m - 595. What is the remainder when k is divided by 30?
29
Let i = 109 + -75. What is the remainder when i is divided by 4/(-6) - (-5)/((-150)/(-560))?
16
Suppose -45 = k - 6*k. What is the remainder when ((-8)/(-20) + 0)*-5 - -17 is divided by k?
6
Suppose -12 = -4*c + 8. Let r = 18 - 18. Suppose r = v - 3*m - 19, -c*v + 2*m = -3*m - 75. What is the remainder when 38 is divided by v?
12
Suppose 0 = 6*p - p - 70. Suppose 3*x = -4*g + 121, g + p - 36 = 2*x. Calculate the remainder when g is divided by 15.
13
Let d(q) = -13*q - 12. Let u be d(-8). Suppose 5*c + 4*t - 12 = 18, 3*t = 4*c + 7. Suppose 0*o - u = -c*o. What is the remainder when o is divided by 16?
14
Let f be (-48)/(-9) - (-1)/(-3). Suppose 3*d + k - 115 = 0, -4*d + 14 + 143 = f*k. Calculate the remainder when d is divided by -3*(1 - 16/3).
12
Let i be 17 - 1/(1 - 2). Let c = i + -11. Let a = -25 + 29. Calculate the remainder when c is divided by a.
3
Let q = -29 + 64. Calculate the remainder when q is divided by 10.
5
Let m(p) = 5*p**2 - 2*p - 1. Calculate the remainder when 42 is divided by m(2).
12
Let c(i) = -4*i - 3. Let d be c(-2). Suppose -a + 46 = 3*o, -177 - 53 = -d*a + o. What is the remainder when a is divided by 12?
10
Let q(h) = -h + 12. Let o be q(10). Suppose r - 2*a - 21 = 0, -o*r + r = a - 18. What is the remainder when 55 is divided by r?
17
Let p = 16 - -18. Calculate the remainder when p is divided by 7.
6
What is the remainder when 68 is divided by (-3 - 7/(-3))/(10/(-105))?
5
Let q be 21/(-6)*4/(-7). Suppose -19 = -3*l + q. Let f(r) = -r**3 + 6*r**2 - 4*r + 3. What is the remainder when f(4) is divided by l?
5
Let l(t) = t**3 + 7*t**2 + 4*t - 2. What is the remainder when 38 is divided by l(-6)?
8
Suppose -4*n = -8*n - 12. Let q be (n + 1)/(-6)*9. Let u(s) = s**3 - 2*s**2 + s + 4. Calculate the remainder when 30 is divided by u(q).
14
Let a(k) = k**3 - 9*k**2 - k + 9. Let f be a(9). Calculate the remainder when (f - -1)/((-11)/(-1067)) is divided by 25.
22
Let k = -2 + 3. Let g = k - -1. Suppose g*v + 5*p = 37, 149 = 4*v - 6*p + p. Calculate the remainder when v is divided by 11.
9
Let t be -3 - (-3)/12*-4. What is the remainder when 11 is divided by (-3)/12*t + 2?
2
Let v = 161 - 88. Calculate the remainder when v is divided by 13.
8
Let y = 22 - 28. Let v = y + 24. Calculate the remainder when 69 is divided by v.
15
Calculate the remainder when (-9)/(18/(-4)) + 25 is divided by 10.
7
Let o be (-106)/(-22) + (-4)/(-22). Suppose p - 3 = 0, -2*p + p - 67 = o*g. What is the remainder when 25 is divided by (-1)/(1 + g/13)?
12
Let q(f) = -3*f**2 + 6*f**2 + 1 - 2*f**2 + 3. Let j be q(5). Suppose p + 0*p = j. What is the remainder when p is divided by 10?
9
Let x(j) = 14*j - 5. Let d = 10 - 2. Calculate the remainder when x(2) is divided by d.
7
Let u = 118 - 98. Calculate the remainder when 98 is divided by u.
18
Suppose 0 = 5*f + 2*d - 7*d + 315, d = 5*f + 315. Calculate the remainder when -2*(0 + f/2) is divided by 11.
8
Let s(d) = d**2 - d + 7. Calculate the remainder when s(6) is divided by 19.
18
Let i(y) = y**2 + 13*y + 18. Let v be i(-12). What is the remainder when 446/v - (-4)/(-12) is divided by 25?
24
Suppose -g + 8 = 2*x - 4*g, -3*g = 4*x + 2. Let b = 8 + -6. Calculate the remainder when b is divided by x.
0
Let y(q) = -q**2 + 4*q. Suppose -4*d - 2 = -2*o + 2, 3*o + 4*d - 16 = 0. Let w be y(o). Let g = w - -5. What is the remainder when 13 is divided by g?
3
Let p(r) = 6*r**2 - 2*r - 2. Let h(y) = 9*y**3 + y**2 - 1. Calculate the remainder when p(-2) is divided by h(1).
8
Suppose 7*x + 54 = 586. Calculate the remainder when x is divided by 26.
24
Let d = 54 - 18. What is the remainder when d is divided by 5?
1
Suppose -12*h + 11*h + 8 = 0. Calculate the remainder when 12 is divided by h.
4
Let i(h) = -6*h - 9. Let f = 10 - 17. What is the remainder when i(f) is divided by (-906)/(-54) + (-2)/(-9)?
16
Let v(i) = -7*i + 1. Suppose 236*b - 14 = 235*b. What is the remainder when b is divided by v(-1)?
6
Suppose 6*p - 4*p = 4. Suppose -p*m + 33 = 7. Calculate the remainder when m is divided by 5.
3
Suppose 0*i - 55 = -5*i. What is the remainder when 64 is divided by i?
9
Let u(k) = -5*k + 2*k**2 + k - 4*k + 7. Suppose 0*j - 12 = -2*j. What is the remainder when u(j) is divided by 16?
15
Suppose -2*d + 20 = -16. Let c = 60 - 30. Suppose 0*w = 3*w - c. What is the remainder when d is divided by w?
8
Let d = 52 - 37. Let j = -14 - -22. Calculate the remainder when d is divided by j.
7
Suppose -149 = -4*r - w, -r + 5*w + 129 = 2*r. What is the remainder when r is divided by 14?
10
Suppose 4*n - p = 27, 2*n + 33 = 5*n - 5*p. Suppose -3*s - 3*a = -a - 63, -2*a - 29 = -s. What is the remainder when s is divided by n?
5
Let i(c) = -c**2 - 19*c - 20. What is the remainder when 39 is divided by i(-17)?
11
Suppose 18 = x - 4*n, 3*x = 2*n + 24 + 10. Calculate the rema